e factors of 449663?
449663
List the prime factors of 5037024.
2, 3, 71, 739
List the prime factors of 2529777.
3, 241, 3499
What are the prime factors of 339813?
3, 17, 2221
List the prime factors of 1474086.
2, 3, 245681
List the prime factors of 13378640.
2, 5, 11, 23, 661
List the prime factors of 5883162.
2, 3, 491, 1997
List the prime factors of 12082707.
3, 7, 13, 14753
List the prime factors of 245486.
2, 122743
List the prime factors of 1514328.
2, 3, 63097
List the prime factors of 1277635.
5, 17, 15031
List the prime factors of 1736874.
2, 3, 96493
List the prime factors of 8239438.
2, 4119719
List the prime factors of 520651.
23, 22637
List the prime factors of 375679.
197, 1907
What are the prime factors of 1484898?
2, 3, 263, 941
List the prime factors of 279390.
2, 3, 5, 67, 139
What are the prime factors of 23124957?
3, 19, 405701
What are the prime factors of 18011141?
67, 268823
What are the prime factors of 4765547?
1319, 3613
List the prime factors of 4979693.
4979693
What are the prime factors of 65326?
2, 89, 367
What are the prime factors of 751209?
3, 250403
What are the prime factors of 39411379?
7, 359, 15683
What are the prime factors of 194421?
3, 229, 283
List the prime factors of 2957981.
13, 227537
List the prime factors of 3289301.
1481, 2221
What are the prime factors of 4036903?
13, 23887
List the prime factors of 4107916.
2, 1026979
What are the prime factors of 476208?
2, 3, 3307
What are the prime factors of 511035?
3, 5, 7, 31, 157
What are the prime factors of 4258936?
2, 11, 48397
List the prime factors of 267897.
3, 7, 12757
What are the prime factors of 172657?
172657
List the prime factors of 100953.
3, 3739
List the prime factors of 724859.
691, 1049
List the prime factors of 31321466.
2, 11, 1423703
List the prime factors of 357925.
5, 103, 139
What are the prime factors of 3718955?
5, 743791
What are the prime factors of 143123?
17, 8419
What are the prime factors of 1331478?
2, 3, 8219
What are the prime factors of 13635632?
2, 17, 50131
List the prime factors of 7042898.
2, 41, 85889
List the prime factors of 752073.
3, 7, 59, 607
What are the prime factors of 14475196?
2, 71, 50969
List the prime factors of 81932.
2, 20483
What are the prime factors of 757044?
2, 3, 17, 1237
List the prime factors of 747563.
747563
List the prime factors of 691161.
3, 230387
What are the prime factors of 456012?
2, 3, 53, 239
List the prime factors of 4578157.
599, 7643
List the prime factors of 1267625.
5, 10141
What are the prime factors of 22195344?
2, 3, 19, 24337
What are the prime factors of 3101313?
3, 19, 54409
What are the prime factors of 385615?
5, 233, 331
List the prime factors of 65519.
65519
What are the prime factors of 273993?
3, 91331
What are the prime factors of 241653?
3, 109, 739
List the prime factors of 256149.
3, 53, 179
List the prime factors of 10920643.
10920643
What are the prime factors of 23297968?
2, 1456123
List the prime factors of 2215523.
37, 59879
List the prime factors of 992826.
2, 3, 19, 2903
List the prime factors of 478545.
3, 5, 61, 523
What are the prime factors of 29482324?
2, 71, 103811
List the prime factors of 77590.
2, 5, 7759
List the prime factors of 1554405.
3, 5, 173, 599
List the prime factors of 198923.
67, 2969
What are the prime factors of 1087759?
31, 35089
List the prime factors of 6258819.
3, 7, 42577
List the prime factors of 3672226.
2, 23, 97, 823
What are the prime factors of 477426?
2, 3, 47, 1693
What are the prime factors of 12961880?
2, 5, 23, 73, 193
List the prime factors of 419445.
3, 5, 13, 239
List the prime factors of 10916145.
3, 5, 23, 53, 199
List the prime factors of 2386921.
2386921
What are the prime factors of 242144?
2, 7, 23, 47
What are the prime factors of 659423?
659423
What are the prime factors of 50526?
2, 3, 7, 401
What are the prime factors of 3530981?
127, 27803
List the prime factors of 2961181.
23, 128747
List the prime factors of 96330.
2, 3, 5, 13, 19
What are the prime factors of 2318081?
827, 2803
What are the prime factors of 23300782?
2, 11650391
What are the prime factors of 619368?
2, 3, 131, 197
What are the prime factors of 1431301?
31, 46171
List the prime factors of 9917882.
2, 13, 349, 1093
What are the prime factors of 6189693?
3, 37, 55763
List the prime factors of 304766.
2, 7, 11, 1979
What are the prime factors of 402468?
2, 3, 11, 3049
What are the prime factors of 344324?
2, 59, 1459
List the prime factors of 21919764.
2, 3, 151, 12097
List the prime factors of 388659.
3, 129553
What are the prime factors of 71463?
3, 7, 41, 83
What are the prime factors of 10450611?
3, 59, 19681
What are the prime factors of 7638144?
2, 3, 19891
What are the prime factors of 10734637?
59, 181943
What are the prime factors of 1179391?
79, 14929
What are the prime factors of 136583?
73, 1871
What are the prime factors of 6091666?
2, 7, 19, 22901
What are the prime factors of 470381?
37, 12713
What are the prime factors of 2551587?
3, 850529
List the prime factors of 21192692.
2, 5298173
What are the prime factors of 1570668?
2, 3, 11, 73, 163
What are the prime factors of 7043653?
37, 190369
List the prime factors of 238507.
19, 12553
List the prime factors of 9362755.
5, 151, 12401
List the prime factors of 310490.
2, 5, 61, 509
What are the prime factors of 606162?
2, 3, 101027
What are the prime factors of 453979?
367, 1237
List the prime factors of 111459.
3, 53, 701
What are the prime factors of 348213?
3, 19, 41, 149
What are the prime factors of 680347?
680347
List the prime factors of 1779560.
2, 5, 17, 2617
List the prime factors of 13738014.
2, 3, 763223
What are the prime factors of 173760?
2, 3, 5, 181
What are the prime factors of 264098?
2, 132049
List the prime factors of 9127170.
2, 3, 5, 13, 29, 269
What are the prime factors of 234266?
2, 117133
What are the prime factors of 2517326?
2, 7, 17, 1511
What are the prime factors of 1253096?
2, 13, 12049
What are the prime factors of 127988?
2, 7, 653
List the prime factors of 90101.
11, 8191
What are the prime factors of 4902792?
2, 3, 67, 3049
List the prime factors of 20354111.
19, 1071269
What are the prime factors of 77760?
2, 3, 5
List the prime factors of 1831487.
7, 261641
What are the prime factors of 3343049?
647, 5167
List the prime factors of 2526992.
2, 13, 12149
List the prime factors of 19002146.
2, 9501073
What are the prime factors of 1224325?
5, 48973
What are the prime factors of 226092?
2, 3, 83, 227
List the prime factors of 221029.
83, 2663
What are the prime factors of 491427?
3, 6067
List the prime factors of 4833767.
4833767
List the prime factors of 16831781.
37, 47, 9679
What are the prime factors of 10783569?
3, 3594523
What are the prime factors of 195168?
2, 3, 19, 107
What are the prime factors of 2127999?
3, 331, 2143
What are the prime factors of 92847?
3, 30949
What are the prime factors of 558672?
2, 3, 103, 113
What are the prime factors of 357728?
2, 7, 1597
What are the prime factors of 220336?
2, 47, 293
What are the prime factors of 4094048?
2, 7, 373
What are the prime factors of 8501946?
2, 3, 137, 10343
What are the prime factors of 246048?
2, 3, 11, 233
What are the prime factors of 4983198?
2, 3, 11, 75503
List the prime factors of 152033.
7, 37, 587
What are the prime factors of 26743?
47, 569
What are the prime factors of 2079980?
2, 5, 7, 83, 179
List the prime factors of 250686.
2, 3, 19, 733
List the prime factors of 2660509.
2660509
What are the prime factors of 154123?
23, 6701
What are the prime factors of 2081070?
2, 3, 5, 19, 1217
What are the prime factors of 256319?
7, 5231
What are the prime factors of 2985722?
2, 23, 47, 1381
What are the prime factors of 335636?
2, 7, 11987
List the prime factors of 1123607.
107, 10501
List the prime factors of 225652.
2, 7, 8059
What are the prime factors of 35630?
2, 5, 7, 509
List the prime factors of 48325.
5, 1933
What are the prime factors of 13812632?
2, 43, 40153
What are the prime factors of 57023?
127, 449
List the prime factors of 156102.
2, 3, 26017
List the prime factors of 893869.
241, 3709
What are the prime factors of 624070?
2, 5, 17, 3671
List the prime factors of 12634486.
2, 6317243
What are the prime factors of 16199735?
5, 3239947
List 